nd m.
16
Let g(m) = m. Let w(l) = -2*l**2 - 8*l + 27. Let u(o) = -g(o) - w(o). Let v be u(10). Let r = 21 - -6. What is the greatest common factor of v and r?
27
Suppose -5*v + 35 = 4*r, 2*v + 0*v + 19 = 5*r. Let u = 13 - r. Let j = 60392 - 60380. What is the highest common factor of u and j?
4
Suppose -2*x = 3 - 11. Let f = 18 - x. Let l(q) = -q**3 - 17*q**2 - 77*q - 1246. Let v be l(-17). Calculate the greatest common divisor of v and f.
7
Let w = -99 + 96. Let h be (w/2)/(19/(-38)). Suppose -s - 4*m = -49, h*m - 2*m = -4*s + 181. What is the highest common factor of s and 15?
15
Let v be 2/7 - (-173)/7. Let r(c) = -c**3 - 15*c**2 - 5*c + 200. Let m be r(-15). What is the highest common factor of m and v?
25
Let x = -104 + 44. Let w = x - -68. Let p = 14 - 10. What is the greatest common factor of w and p?
4
Let v(c) = -c**3 - 9*c**2 - 19*c - 1. Let l be v(-6). Suppose g + 1654 = 5*u, -3*u + 1425 - 447 = 3*g. What is the highest common divisor of u and l?
5
Let f be (2/2 + -2)/((-38)/286368). Let z be (-1)/3 - (f/(-18))/8. Let y be (-1)/(2/2) - -14. What is the highest common divisor of z and y?
13
Let j = 402 - 398. Suppose 3*o - 18 = -2*r + 7, -j*r + o = -57. What is the greatest common factor of r and 266?
14
Suppose 22*l - 855 - 897 = 1218. Calculate the highest common factor of l and 7155.
135
Let w be (-3754)/10 + 126/(-210). Let v be (-47)/w + 79/8. What is the highest common factor of v and 170?
10
Let o be -3*17/((-204)/396). Let p = 4 + -4. Suppose 5*t - 45 = -p*t. Calculate the highest common divisor of o and t.
9
Let a(z) = -185*z + 220. Let r be a(0). What is the greatest common divisor of 80 and r?
20
Let i = 791 + -367. Suppose 3*b = 12 - 0, 5*a = 4*b + i. What is the greatest common divisor of 8 and a?
8
Let j be ((-18)/4)/((-1)/6). Let m be (-539)/21 + 2 + (-2)/(-3). Let f = m + j. Calculate the highest common factor of f and 52.
4
Let b(d) = -7*d - 21. Let q be (-1 - (0 - -4)) + -1. Let o be b(q). Calculate the highest common factor of 105 and o.
21
Suppose -3*z = -18, 3*z + 1101 = 5*t - 3466. Calculate the highest common factor of t and 262.
131
Let v be (-2)/3*(-3)/2. Let s(p) = -35*p**2 - p + 63*p**2 - 29*p**2 + 46*p**3 + 2. Let i be s(v). What is the greatest common divisor of i and 69?
23
Let s be (4 - 6)*20/(-1). Suppose -4*l + 3*v + 1178 = 43, 1105 = 4*l + 3*v. What is the highest common divisor of l and s?
40
Let v(w) = -305*w + 1850. Let u be v(6). Calculate the greatest common factor of 7350 and u.
10
Let d(m) = -2*m**2 - 172*m - 2207. Let o be d(-69). Calculate the highest common factor of 7506 and o.
139
Suppose 39*b - 288 = 2091. Suppose 4*h - b = -5*f, -4*f + 55 = -3*h - 0*h. Suppose -3*j = -34 - 239. Calculate the highest common factor of j and f.
13
Let h be (-5 - -23)*((-5301)/(-54))/31. What is the greatest common divisor of 123 and h?
3
Suppose i + 319 - 327 = 0. Suppose -3*n + 4*a - i*a = -96, 0 = -n - 4*a + 32. What is the highest common factor of n and 288?
32
Let w = -26 + -79. Let p = w + 112. Let n be (2/(-4))/(p/(-3136)). What is the greatest common factor of n and 14?
14
Suppose 133*r - 10686 = -10553. Suppose -w = -3*w + 8. Suppose -2*o - 3*a = -4, 5*o - 23 = w*a + 33. Calculate the highest common divisor of r and o.
1
Let v be 107/5 - -1 - -16*12/(-480). Let q(n) = -n - 1. Let g be q(-5). Suppose -y = g*y - 165. What is the highest common divisor of v and y?
11
Let g(z) = -z**2 + 43*z - 156. Let u be g(37). Let j be 3*8/(-6) + u + -1. Calculate the greatest common factor of j and 61.
61
Suppose -2*b = 4*a - 0*b - 654, 0 = -2*b - 6. Let v(d) = 5*d**3 - 104*d**2 - 230*d - 309. Let i be v(23). What is the highest common divisor of i and a?
55
Suppose -3*a - 18 = 0, -5*t + 4*t - 8 = 3*a. What is the greatest common divisor of t and 1245?
5
Suppose -r = -66 + 18. Suppose 19*h = 11*h + r. Calculate the greatest common divisor of 66 and h.
6
Suppose 15*h - 229 - 50 = 14*h. Calculate the highest common divisor of 527 and h.
31
Suppose 25 = 14*o - 3. Suppose 90*n - 88*n - 16 = 0. What is the greatest common factor of n and o?
2
Let f(r) = -27*r + 1. Let g be f(1). Let c = 36 + g. Suppose -627*v + 685*v - 2030 = 0. What is the greatest common divisor of v and c?
5
Suppose 4*c - 524 = 7*z - 8*z, -3 = 3*c. What is the greatest common factor of z and 6?
6
Let q(a) = a + 1. Let u(z) be the second derivative of -z**2 - 8*z. Let r(i) = -4*q(i) + 2*u(i). Let g be r(-10). What is the highest common divisor of g and 8?
8
Suppose 2*k = 6*k + 4, -3*r = -2*k - 17810. Calculate the highest common factor of r and 32.
16
Let u = -30850 + 31046. Calculate the highest common divisor of u and 20972.
196
Suppose -400 = -9*t + 464. Suppose -3*q = -t - 84. Calculate the greatest common factor of q and 40.
20
Suppose -o - 3 = -20. Let b = o - 17. Let t be (-34)/17 + b + 4. Calculate the greatest common factor of t and 2.
2
Suppose -2*l - 4*c - 10 = -40, 5*l - 4*c = 131. What is the greatest common divisor of 10327 and l?
23
Suppose -5750 = 336*c - 386*c. What is the highest common factor of 45 and c?
5
Let z(x) = x**3 - 20*x**2 + 89*x + 30. Let r be z(13). Suppose -2*o + 7*o - 100 = 0. Calculate the highest common divisor of r and o.
4
Suppose 250*a = -89*a + 2034. Let z be (6/(-15))/(1/(-365)). Let o be z/6 - (-2)/(-6). What is the greatest common factor of o and a?
6
Let y = 12863 + -12791. Calculate the highest common divisor of y and 234.
18
Let s be (4 + 8)*(-15)/(-10). Suppose 0 = s*a - 11*a - 490. Calculate the highest common divisor of 175 and a.
35
Let i be 907065/10 - (-5 - (-44)/8). Let b be i/105 - (-1 - (-39)/45). What is the greatest common factor of 32 and b?
32
Let c be (-10 - 175/(-10))*(-16)/(-6). Suppose -5*k + 565 = 5*x, -2*k = -3*k - 3*x + 109. Calculate the greatest common factor of c and k.
5
Let w = -41 - -41. Suppose 4 + w = y - i, 5*i + 20 = 0. Suppose -9 = -t - y*t. What is the greatest common factor of 72 and t?
9
Let r = 26 + -25. Suppose -2*j - 2*x + 14 = 0, 0*j - 3*j + x = -29. Suppose 5*o - j = -4*o. Calculate the highest common factor of r and o.
1
Suppose -5*n = h - 271, -133*n = -135*n - h + 112. What is the greatest common factor of 6572 and n?
53
Let c = 8 + -14. Let r = c + 123. Let n = r + -102. Calculate the highest common divisor of 60 and n.
15
Suppose 0 = -a - 2*m + 49, 0 = -5*a - 108*m + 106*m + 269. Suppose 6*r = 247 - a. What is the greatest common divisor of r and 44?
4
Let d = 8048 + -8038. Calculate the highest common factor of d and 6130.
10
Let t = 2830 - 2698. Let w(f) = f**3 + f**2 + f + 330. Let v be w(0). What is the greatest common divisor of v and t?
66
Suppose -4*z + 4*t + 334 + 242 = 0, 432 = 3*z + 2*t. Suppose 37 + 135 = 2*m + 2*b, -3*m + 4*b = -216. Calculate the highest common divisor of m and z.
16
Suppose 0 = -36*p + 21*p + 30. Suppose 3*n + 30 - 150 = -p*d, d - 3*n = 60. What is the highest common factor of d and 24?
12
Let f(i) = 5*i**2 + 106*i + 93. Let m be f(-21). Let s = -28 + 59. Let o = s - -5. Calculate the greatest common divisor of o and m.
36
Suppose 3*r - 384 = -0*r. Suppose -t + 36 + r = -5*d, 144 = -4*d + 4*t. Let w be (15/9)/(1 - d/(-36)). Calculate the greatest common divisor of 75 and w.
15
Let w be (4 + -1)*-143 + 5. Let y = -418 - w. Calculate the greatest common divisor of y and 48.
6
Suppose -2*x = -88 + 16. Suppose 3*s = 3*i - 369, -2*s + 7 = -1. Let q = i + -73. Calculate the highest common divisor of q and x.
18
Suppose 0 = -154*x - 2177 + 7935 + 8256. Calculate the highest common divisor of x and 1495.
13
Suppose -206 - 307 = -9*t. Suppose 56*v + 32 = t*v. Calculate the greatest common divisor of 112 and v.
16
Let r be 1 + -1*1*-5. Let f be (-20)/(-130) + 9148/26. Let g = 358 - f. Calculate the highest common factor of r and g.
6
Let t = -4453 + 5203. Calculate the highest common divisor of 18 and t.
6
Suppose -7*h + 1843 + 2434 = 0. What is the greatest common divisor of 13 and h?
13
Let f(b) = -2*b**2 - 9*b - 37. Let r be f(-4). Let z = r + 44. Calculate the greatest common divisor of z and 198.
11
Suppose -g + 11 = 4*p, -427*g - p = -424*g - 33. Calculate the highest common divisor of g and 2387.
11
Let s(g) = -g**3 - 7*g**2 + 9*g + 24. Let t be s(-8). Suppose -t*y + 1624 = -2*y. What is the greatest common factor of 87 and y?
29
